1?
-1486
In base 4, what is 11 - -1112?
1123
In base 5, what is 2 - -133?
140
In base 14, what is 3 - 6a?
-67
In base 15, what is -7 + -3c?
-44
In base 3, what is 2102200 - -12?
2102212
In base 4, what is 1 + 13?
20
In base 11, what is -179 + -1?
-17a
In base 6, what is 3 + 332?
335
In base 16, what is -1 + 3c?
3b
In base 11, what is -5 - -29?
24
In base 12, what is -47 + 2?
-45
In base 13, what is 13 + 87?
9a
In base 6, what is 42 + -1221?
-1135
In base 4, what is -23301 + 3?
-23232
In base 14, what is -28 + -62?
-8a
In base 13, what is -14b + a?
-141
In base 9, what is -3 - -50?
46
In base 15, what is 5 + 824?
829
In base 6, what is -144 + -2?
-150
In base 12, what is -51 + 15?
-38
In base 16, what is -3 - -f?
c
In base 13, what is 3 + 2345?
2348
In base 14, what is -46c - 3?
-471
In base 7, what is -3 + 4246?
4243
In base 12, what is -3 + 24a?
247
In base 5, what is 1 + -1?
0
In base 2, what is -10100011001 + -11?
-10100011100
In base 16, what is 2 - 64?
-62
In base 12, what is -975 - 2?
-977
In base 14, what is -3 - 3a7?
-3aa
In base 7, what is -15 + 4?
-11
In base 12, what is 5 - 389?
-384
In base 6, what is 3 + 1100?
1103
In base 14, what is -3da + 3?
-3d7
In base 15, what is 3 - 123?
-120
In base 11, what is 684 + 0?
684
In base 12, what is 10 - -3?
13
In base 12, what is -5 + 65?
60
In base 10, what is 10308 - 3?
10305
In base 16, what is -1c - -4a?
2e
In base 2, what is 101100 - -100?
110000
In base 5, what is -44 + -3?
-102
In base 9, what is 1014 + 14?
1028
In base 7, what is -1150 - -4?
-1143
In base 14, what is 1 - -33?
34
In base 13, what is -32 + 13?
-1c
In base 16, what is -26 - -1?
-25
In base 4, what is 23 - 12?
11
In base 14, what is -3 + 85?
82
In base 9, what is -25 - 4?
-30
In base 11, what is 605 - 3?
602
In base 2, what is -11001010 + 1010?
-11000000
In base 13, what is 1c + -1?
1b
In base 9, what is 7 + 2680?
2687
In base 15, what is a42 + -2?
a40
In base 4, what is 1 + 22?
23
In base 10, what is 30 - -214?
244
In base 12, what is -11 - 11?
-22
In base 16, what is -7 + ea?
e3
In base 16, what is -26 - 3?
-29
In base 16, what is a02 - 1?
a01
In base 10, what is -1576 - 5?
-1581
In base 8, what is 10065 - 0?
10065
In base 15, what is 86d - 1?
86c
In base 11, what is 0 - -4558?
4558
In base 13, what is 10 - -4?
14
In base 9, what is -23 - 11?
-34
In base 9, what is -1 - -1053?
1052
In base 16, what is -87 - 3?
-8a
In base 16, what is 37 - 95?
-5e
In base 6, what is -254 + 4?
-250
In base 8, what is -3 + -1437?
-1442
In base 12, what is -3 - -28?
25
In base 11, what is 2 - 7?
-5
In base 8, what is -5 - -10734?
10727
In base 10, what is 3 + 17?
20
In base 15, what is -1 - 7d?
-7e
In base 11, what is -13 + 0?
-13
In base 16, what is dfa - -2?
dfc
In base 9, what is 10 + 4?
14
In base 11, what is 4703 + -4?
46aa
In base 13, what is 4a + 4?
51
In base 4, what is 2 + 122?
130
In base 7, what is 4 + -145?
-141
In base 11, what is -1 + 89?
88
In base 12, what is -1a1 + -15?
-1b6
In base 3, what is -1011 - 1011210?
-1012221
In base 2, what is 0 + 10000?
10000
In base 6, what is -1000 + 3?
-553
In base 14, what is -b - -bd?
b2
In base 5, what is 10 - -132412?
132422
In base 3, what is -11001121 - 12?
-11001210
In base 2, what is -1 + 111011111010?
111011111001
In base 14, what is -58 - 49?
-a3
In base 4, what is -11 - 11133?
-11210
In base 7, what is 514 - 4?
510
In base 2, what is 1 - 110011100?
-110011011
In base 14, what is 1 + 184?
185
In base 11, what is -122 - 44?
-166
In base 11, what is -162 + -5?
-167
In base 5, what is 440 + -3?
432
In base 15, what is 4 - -221?
225
In base 14, what is -9 - -2?
-7
In base 5, what is -130 + -2?
-132
In base 16, what is -4 - -20?
1c
In base 16, what is 1537 - 3?
1534
In base 12, what is 3a4 - -3?
3a7
In base 7, what is -43 - -2?
-41
In base 11, what is 30 + 4?
34
In base 12, what is 1b - -3?
22
In base 10, what is 5574 - -4?
5578
In base 12, what is 621 + 2?
623
In base 8, what is 1 + -53?
-52
In base 12, what is 22 + -4?
1a
In base 14, what is -3 + -123?
-126
In base 2, what is 10110010 - -1?
10110011
In base 6, what is -44 + -22?
-110
In base 16, what is 3 - -52?
55
In base 13, what is -3 - -290?
28a
In base 12, what is 0 - 543?
-543
In base 15, what is -205 + -2?
-207
In base 7, what is -44 - 5?
-52
In base 6, what is -1534 + -2?
-1540
In base 9, what is 2 + -1318?
-1316
In base 15, what is -a + -85?
-90
In base 16, what is -4328 + -3?
-432b
In base 8, what is 36203 - -3?
36206
In base 10, what is -77 - -41?
-36
In base 6, what is 0 + -120?
-120
In base 3, what is 1 - -10010220?
10010221
In base 14, what is 173 + -4?
16d
In base 13, what is -13 + -76?
-89
In base 6, what is -4 - 132?
-140
In base 6, what is -2 + 1223?
1221
In base 7, what is -12600 + 0?
-12600
In base 10, what is -8 - -68?
60
In base 10, what is 3 + -97?
-94
In base 15, what is -11 + -7?
-18
In base 11, what is -6 + -6a?
-75
In base 6, what is 2 - -205?
211
In base 3, what is 22 - 210221?
-210122
In base 9, what is -1680 + -16?
-1706
In base 9, what is -5 - 586?
-602
In base 9, what is -5 - 77?
-83
In base 13, what is -3 + -1ca?
-200
In base 16, what is -31 - -1?
-30
In base 4, what is 22012 + -110?
21302
In base 2, what is 110000 - 11001011?
-10011011
In base 2, what is 1011 + -1011110?
-1010011
In base 8, what is -332 + 3?
-327
In base 2, what is 1001110 - -100?
1010010
In base 6, what is -1 + -221?
-222
In base 5, what is 3 + -204021?
-204013
In base 13, what is 65 + -1a?
48
In base 3, what is 100 - -11112?
11212
In base 15, what is -30 + c6?
96
In base 6, what is 13 + 2?
15
In base 8, what is -11 - 411?
-422
In base 11, what is -672 - 1?
-673
In base 9, what is -4156 + 3?
-4153
In base 10, what is -172 - -8?
-164
In base 8, what is -23 + 1?
-22
In base 2, what is 10 - -1011100100?
1011100110
In base 15, what is -3c + -ca?
-117
In base 12, what is -5 + -3a?
-43
In base 8, what is -2 + -44?
-46
In base 11, what is 2a + -154?
-125
In base 5, what is 201 + 1143?
1344
In base 3, what is 10 + 12211?
12221
In base 15, what is 5 + 302?
307
In base 15, what is 7 + -3e8?
-3e1
In base 13, what is -142 - -5?
-13a
In base 4, what is 22 - 32311?
-32223
In base 5, what is 22004 + 2?
22011
In base 3, what is 0 + -1211?
-1211
In base 6, what is 12121 + 3?
12124
In base 16, what is 2b + 161?
18c
In base 13, what is -105 + b?
-c7
In base 16, what is -3 - 8?
-b
In base 16, what is -14a3 - -3?
-14a0
In base 9, what is 512 + -4?
507
In base 5, what is -23 - 23301?
-23324
In base 9, what is 7 - 62?
-54
In base 7, what is -1 - 203?
-204
In base 8, what is 245 - 0?
245
In base 15, what is 4 - 12?
-d
In base 4, what is -1103 + -2?
-1111
In base 7, what is 4 - -1455?
1462
In base 9, what is 26 - 24?
2
In base 15, what is -8c6 - 3?
-8c9
In base 5, what is -10 - 11?
-21
In base 5, what is 3013 + 10?
3023
In base 8, what is 374 - -102?
476
In base 9, what is -128 + 70?
-48
In base 10, what is -37 + -483?
-520
In base 4, what is 110122 - -1?
110123
In base 6, what is 1 - -33?
34
In base 8, what is 3 - -12?
15
In base 6, what is -220 + -2?
-222
In base 2, what is 11 - 1000001?
-111110
In base 16, what is -9 + -f?
-18
In base 12, what is 7 - a4?
-99
In base 2, what is 10100000000 + 1?
10100000001
In base 2, what is 11011 - 0?
11011
In base 14, what is 0 + -2?
-2
In base 6, what is 31 - -1?
32
In base 3, what is -10 + -1222202?
-1222212
In base 14, what is 3 - -31?
34
In base 16, what is -ee + 1?
-ed
In base 2, what is 1011 - 10011?
-1000
In base 8, what is 7 - 4154?
-4145
In base 11, what is -10 - 63a?
-64a
In base 5, what is -2 - 30?
-32
In base 9, what is 133 - 4?
128
In base 2, what is 1 + 11111?
100000
In base 10, what is 2 - -999?
1001
In base 9, what is -3 - -141?
137
In base 7, what is 11 - 26?
-15
In base 10, what is -19 + 43?
24
In base 15, what is 3a - 1a?
20
In base 14, what is 45 + 4?
49
In base 3, what is 101 + -22?
2
In base 6, what is -3 - -401?
354
In base 11, what is 580 + -1?
57a
In base 3, what is -22 + 2?
-20
In base 10, what is -8 - -4?
-4
In base 6, what is 14 - -234?
252
In base 12, what is -23b - -2?
-239
In base 15, what is -19 + 64?
4a
In base 3, what is -22210022 - 0?
-22210022
In base 8, what is 40 + 161?
221
In base 8, what is 246 + -2?
244
In base 16, what is -4ade + 3?
-4adb
In base 15, what is -1 - -bb?
ba
In bas